{"id":146,"date":"2021-09-08T21:15:44","date_gmt":"2021-09-08T19:15:44","guid":{"rendered":"http:\/\/ykizen.fr\/?page_id=146"},"modified":"2023-02-16T17:35:17","modified_gmt":"2023-02-16T16:35:17","slug":"rigologie","status":"publish","type":"page","link":"https:\/\/ykizen.fr\/?page_id=146","title":{"rendered":"RIGOLOGIE &#038; YOGA du RIRE"},"content":{"rendered":"\n<p style=\"font-size:35px\"><br><\/p>\n\n\n\n<p><\/p>\n\n\n\n<div class=\"wp-block-columns is-layout-flex wp-container-core-columns-is-layout-9d6595d7 wp-block-columns-is-layout-flex\">\n<div class=\"wp-block-column is-layout-flow wp-block-column-is-layout-flow\" style=\"flex-basis:100%\">\n<div class=\"wp-block-columns is-layout-flex wp-container-core-columns-is-layout-9d6595d7 wp-block-columns-is-layout-flex\">\n<div class=\"wp-block-column is-layout-flow wp-block-column-is-layout-flow\">\n<p><\/p>\n<\/div>\n\n\n\n<div class=\"wp-block-column is-layout-flow wp-block-column-is-layout-flow\"><\/div>\n<\/div>\n<\/div>\n<\/div>\n\n\n\n<div class=\"wp-block-cover alignleft is-light\" style=\"min-height:319px;aspect-ratio:unset;\"><span aria-hidden=\"true\" class=\"wp-block-cover__background has-background-dim\"><\/span><img loading=\"lazy\" decoding=\"async\" width=\"1024\" height=\"498\" class=\"wp-block-cover__image-background wp-image-373\" alt=\"\" src=\"http:\/\/ykizen.fr\/wp-content\/uploads\/2022\/03\/20220302_173857-1-1024x498.jpg\" data-object-fit=\"cover\" srcset=\"https:\/\/ykizen.fr\/wp-content\/uploads\/2022\/03\/20220302_173857-1-1024x498.jpg 1024w, https:\/\/ykizen.fr\/wp-content\/uploads\/2022\/03\/20220302_173857-1-300x146.jpg 300w, https:\/\/ykizen.fr\/wp-content\/uploads\/2022\/03\/20220302_173857-1-768x373.jpg 768w, https:\/\/ykizen.fr\/wp-content\/uploads\/2022\/03\/20220302_173857-1-1536x747.jpg 1536w, https:\/\/ykizen.fr\/wp-content\/uploads\/2022\/03\/20220302_173857-1-1140x554.jpg 1140w, https:\/\/ykizen.fr\/wp-content\/uploads\/2022\/03\/20220302_173857-1.jpg 2016w\" sizes=\"auto, (max-width: 1024px) 100vw, 1024px\" \/><div class=\"wp-block-cover__inner-container is-layout-flow wp-block-cover-is-layout-flow\">\n<div class=\"wp-block-group is-vertical is-layout-flex wp-container-core-group-is-layout-8cf370e7 wp-block-group-is-layout-flex\">\n<p class=\"has-text-align-right has-white-color has-text-color has-medium-font-size\">Madan kataria <\/p>\n\n\n\n<p class=\"has-text-align-right has-white-color has-text-color\" style=\"text-decoration:underline\"><strong>Quand vous riez , vous changez et quand vous changez ,le monde entier change<\/strong>.<\/p>\n<\/div>\n<\/div><\/div>\n\n\n\n<figure class=\"wp-block-image size-large is-resized is-style-rounded wp-duotone-000000-ffffff-1\"><img loading=\"lazy\" decoding=\"async\" src=\"http:\/\/ykizen.fr\/wp-content\/uploads\/2022\/05\/IMG-20220506-WA0011-1024x891.jpg\" alt=\"\" class=\"wp-image-445\" width=\"1110\" height=\"965\" srcset=\"https:\/\/ykizen.fr\/wp-content\/uploads\/2022\/05\/IMG-20220506-WA0011-1024x891.jpg 1024w, https:\/\/ykizen.fr\/wp-content\/uploads\/2022\/05\/IMG-20220506-WA0011-300x261.jpg 300w, https:\/\/ykizen.fr\/wp-content\/uploads\/2022\/05\/IMG-20220506-WA0011-768x669.jpg 768w, https:\/\/ykizen.fr\/wp-content\/uploads\/2022\/05\/IMG-20220506-WA0011.jpg 1050w\" sizes=\"auto, (max-width: 1110px) 100vw, 1110px\" \/><figcaption class=\"wp-element-caption\"><mark style=\"background-color:rgba(0, 0, 0, 0)\" class=\"has-inline-color has-vivid-purple-color\">Lorsque nous sommes en joie \u00e0 l&rsquo;unisson<br>c&rsquo;est que du bonheur !!!<br>UN BONHEUR que l&rsquo;on vit \u00e0 l&rsquo;instant et qui nous anime durant des jours&#8230;.<br>venez nous rejoindre pour rire ensemble et de bon C\u0152UR<\/mark><\/figcaption><\/figure>\n\n\n\n<div class=\"wp-block-columns is-layout-flex wp-container-core-columns-is-layout-9d6595d7 wp-block-columns-is-layout-flex\">\n<div class=\"wp-block-column is-layout-flow wp-block-column-is-layout-flow\">\n<p><br> <strong><span class=\"has-inline-color has-vivid-purple-color\">Le YOGA du RIRE <\/span><\/strong><\/p>\n\n\n\n<p> \u2022 Technique psychocorporelle ludique qui combine la respiration Yogique et le Rire<br><br>\u2022  Cette technique naturelle, facile et efficace qui permet de rire sans raison et sans avoir d\u2019humour.<br><br>\u2022Les exercices de Rire nous permettent d\u2019adopter le rire authentique et \u00abinsouciant\u00bb de l\u2019enfant<\/p>\n<\/div>\n\n\n\n<div class=\"wp-block-column is-layout-flow wp-block-column-is-layout-flow\"><\/div>\n\n\n\n<div class=\"wp-block-column is-layout-flow wp-block-column-is-layout-flow\">\n<p> <br><strong><span class=\"has-inline-color has-vivid-purple-color\">La RIGOLOGIE<\/span><\/strong><\/p>\n\n\n\n<p><br>\u2022  Technique psychocorporelle compl\u00e8te de lib\u00e9ration \u00e9motionnelle.<br><br>\u2022  La pratique du cercle de Joie permet une r\u00e9elle lib\u00e9ration \u00e9motionnelle. Cette s\u00e9ance offre l\u2019occasion de vivre pleinement et sereinement une nouvelle exp\u00e9rience permettant au corps et \u00e0 l\u2019esprit d\u2019\u00e9voluer dans la joie .<br><br>\u2022  Les exercices abord\u00e9s sont multiples dont la sophrologie ludique, des jeux coop\u00e9ratifs, expression corporelle, conscientisation de son souffle, de son corps, exercices de psychologie positive, et M\u00e9ditation du Rire.<\/p>\n<\/div>\n<\/div>\n\n\n\n<p><\/p>\n\n\n\n<p><\/p>\n\n\n\n<p><\/p>\n\n\n\n<p><\/p>\n\n\n\n<p><strong><br><\/strong><\/p>\n\n\n\n<p><\/p>\n","protected":false},"excerpt":{"rendered":"<p>Le YOGA du RIRE \u2022 Technique psychocorporelle ludique qui combine la respiration Yogique et le Rire \u2022 Cette technique naturelle, facile et efficace qui permet de rire sans raison et sans avoir d\u2019humour. \u2022Les exercices de Rire nous permettent d\u2019adopter le rire authentique et \u00abinsouciant\u00bb de l\u2019enfant La RIGOLOGIE \u2022 Technique psychocorporelle compl\u00e8te de lib\u00e9ration \u00e9motionnelle. \u2022 La pratique du cercle de Joie permet une r\u00e9elle lib\u00e9ration \u00e9motionnelle. Cette s\u00e9ance offre l\u2019occasion de vivre pleinement et sereinement une nouvelle exp\u00e9rience permettant au corps et \u00e0 l\u2019esprit d\u2019\u00e9voluer dans la joie . \u2022 Les exercices abord\u00e9s sont multiples dont la sophrologie ludique, des jeux coop\u00e9ratifs, expression corporelle, conscientisation de son souffle, de son corps, exercices de psychologie positive, et M\u00e9ditation du Rire.<\/p>\n","protected":false},"author":1,"featured_media":0,"parent":0,"menu_order":0,"comment_status":"closed","ping_status":"closed","template":"","meta":{"footnotes":""},"class_list":["post-146","page","type-page","status-publish","hentry"],"_links":{"self":[{"href":"https:\/\/ykizen.fr\/index.php?rest_route=\/wp\/v2\/pages\/146","targetHints":{"allow":["GET"]}}],"collection":[{"href":"https:\/\/ykizen.fr\/index.php?rest_route=\/wp\/v2\/pages"}],"about":[{"href":"https:\/\/ykizen.fr\/index.php?rest_route=\/wp\/v2\/types\/page"}],"author":[{"embeddable":true,"href":"https:\/\/ykizen.fr\/index.php?rest_route=\/wp\/v2\/users\/1"}],"replies":[{"embeddable":true,"href":"https:\/\/ykizen.fr\/index.php?rest_route=%2Fwp%2Fv2%2Fcomments&post=146"}],"version-history":[{"count":50,"href":"https:\/\/ykizen.fr\/index.php?rest_route=\/wp\/v2\/pages\/146\/revisions"}],"predecessor-version":[{"id":594,"href":"https:\/\/ykizen.fr\/index.php?rest_route=\/wp\/v2\/pages\/146\/revisions\/594"}],"wp:attachment":[{"href":"https:\/\/ykizen.fr\/index.php?rest_route=%2Fwp%2Fv2%2Fmedia&parent=146"}],"curies":[{"name":"wp","href":"https:\/\/api.w.org\/{rel}","templated":true}]}}